{"id":6513,"date":"2021-01-23T12:48:29","date_gmt":"2021-01-23T11:48:29","guid":{"rendered":"http:\/\/kluczbork112.pl\/?page_id=6513"},"modified":"2021-01-23T12:48:30","modified_gmt":"2021-01-23T11:48:30","slug":"straz","status":"publish","type":"page","link":"https:\/\/kluczbork112.pl\/?page_id=6513","title":{"rendered":"Stra\u017c"},"content":{"rendered":"\n<figure class=\"wp-block-image\"><img loading=\"lazy\" decoding=\"async\" width=\"1680\" height=\"945\" src=\"http:\/\/kluczbork112.pl\/wp-content\/uploads\/2021\/01\/astra_skoda_jrg-1.jpg\" alt=\"\" class=\"wp-image-6519\"\/><\/figure>\n\n\n\n<p style=\"text-align:center\"><strong><a href=\"http:\/\/kluczbork112.pl\/?wpdmpro=opel-skoda-kp-psp-kluczbork\">POBIERZ TAPET\u0118<\/a><\/strong><\/p>\n\n\n\n<hr class=\"wp-block-separator\"\/>\n\n\n\n<div class=\"wp-block-image\"><figure class=\"aligncenter\"><img loading=\"lazy\" decoding=\"async\" width=\"1680\" height=\"945\" src=\"http:\/\/kluczbork112.cal24.pl\/wp-content\/uploads\/2019\/09\/komenda_wozy_snieg-1.jpg\" alt=\"\" class=\"wp-image-2682\"\/><\/figure><\/div>\n\n\n\n<p style=\"text-align:center\"><strong><a href=\"http:\/\/kluczbork112.pl\/?wpdmpro=kp-psp-kluczbork-zima\">POBIERZ TAPET\u0118<\/a><\/strong><\/p>\n\n\n\n<hr class=\"wp-block-separator\"\/>\n\n\n\n<div class=\"wp-block-image\"><figure class=\"aligncenter\"><img loading=\"lazy\" decoding=\"async\" width=\"1680\" height=\"945\" src=\"http:\/\/kluczbork112.cal24.pl\/wp-content\/uploads\/2019\/09\/439o76_pozar_hala.jpg\" alt=\"\" class=\"wp-image-2691\"\/><\/figure><\/div>\n\n\n\n<p style=\"text-align:center\"><strong><a href=\"http:\/\/kluczbork112.pl\/?wpdmpro=439o76-osp-kuniow\">POBIERZ TAPET\u0118<\/a><\/strong><\/p>\n ","protected":false},"excerpt":{"rendered":"<p>POBIERZ TAPET\u0118 POBIERZ TAPET\u0118 POBIERZ TAPET\u0118<\/p>\n","protected":false},"author":1,"featured_media":0,"parent":0,"menu_order":0,"comment_status":"closed","ping_status":"closed","template":"","meta":{"om_disable_all_campaigns":false,"_themeisle_gutenberg_block_has_review":false,"spay_email":"","footnotes":""},"jetpack_sharing_enabled":true,"jetpack_likes_enabled":true,"_links":{"self":[{"href":"https:\/\/kluczbork112.pl\/index.php?rest_route=\/wp\/v2\/pages\/6513"}],"collection":[{"href":"https:\/\/kluczbork112.pl\/index.php?rest_route=\/wp\/v2\/pages"}],"about":[{"href":"https:\/\/kluczbork112.pl\/index.php?rest_route=\/wp\/v2\/types\/page"}],"author":[{"embeddable":true,"href":"https:\/\/kluczbork112.pl\/index.php?rest_route=\/wp\/v2\/users\/1"}],"replies":[{"embeddable":true,"href":"https:\/\/kluczbork112.pl\/index.php?rest_route=%2Fwp%2Fv2%2Fcomments&post=6513"}],"version-history":[{"count":2,"href":"https:\/\/kluczbork112.pl\/index.php?rest_route=\/wp\/v2\/pages\/6513\/revisions"}],"predecessor-version":[{"id":6520,"href":"https:\/\/kluczbork112.pl\/index.php?rest_route=\/wp\/v2\/pages\/6513\/revisions\/6520"}],"wp:attachment":[{"href":"https:\/\/kluczbork112.pl\/index.php?rest_route=%2Fwp%2Fv2%2Fmedia&parent=6513"}],"curies":[{"name":"wp","href":"https:\/\/api.w.org\/{rel}","templated":true}]}}